ate the remainder when 3926 is divided by 20.
6
Calculate the remainder when 2865 is divided by 239.
236
Calculate the remainder when 3556 is divided by 3.
1
What is the remainder when 7007 is divided by 41?
37
What is the remainder when 285 is divided by 154?
131
Calculate the remainder when 6948 is divided by 22.
18
What is the remainder when 125 is divided by 76?
49
What is the remainder when 533 is divided by 136?
125
Calculate the remainder when 141 is divided by 13.
11
Calculate the remainder when 102 is divided by 50.
2
What is the remainder when 49 is divided by 5?
4
Calculate the remainder when 3324 is divided by 26.
22
Calculate the remainder when 63 is divided by 4.
3
What is the remainder when 106 is divided by 33?
7
What is the remainder when 41 is divided by 15?
11
What is the remainder when 22 is divided by 9?
4
Calculate the remainder when 197 is divided by 2.
1
Calculate the remainder when 3339 is divided by 19.
14
What is the remainder when 693 is divided by 180?
153
Calculate the remainder when 3396 is divided by 170.
166
What is the remainder when 64 is divided by 22?
20
Calculate the remainder when 240 is divided by 240.
0
Calculate the remainder when 1861 is divided by 3.
1
What is the remainder when 14758 is divided by 164?
162
Calculate the remainder when 183 is divided by 44.
7
What is the remainder when 1616 is divided by 81?
77
Calculate the remainder when 93 is divided by 46.
1
Calculate the remainder when 2701 is divided by 51.
49
What is the remainder when 199 is divided by 181?
18
What is the remainder when 57 is divided by 9?
3
Calculate the remainder when 245 is divided by 31.
28
What is the remainder when 92 is divided by 19?
16
What is the remainder when 235 is divided by 50?
35
Calculate the remainder when 139 is divided by 19.
6
Calculate the remainder when 713 is divided by 104.
89
What is the remainder when 777 is divided by 10?
7
Calculate the remainder when 37 is divided by 29.
8
What is the remainder when 371 is divided by 56?
35
Calculate the remainder when 764 is divided by 32.
28
What is the remainder when 327 is divided by 103?
18
What is the remainder when 500 is divided by 91?
45
What is the remainder when 6621 is divided by 79?
64
Calculate the remainder when 7704 is divided by 30.
24
Calculate the remainder when 110 is divided by 19.
15
Calculate the remainder when 294 is divided by 3.
0
What is the remainder when 927 is divided by 116?
115
Calculate the remainder when 251 is divided by 28.
27
Calculate the remainder when 445 is divided by 16.
13
What is the remainder when 798 is divided by 8?
6
Calculate the remainder when 353 is divided by 5.
3
Calculate the remainder when 461 is divided by 21.
20
What is the remainder when 1847 is divided by 42?
41
Calculate the remainder when 32 is divided by 23.
9
Calculate the remainder when 30 is divided by 27.
3
Calculate the remainder when 979 is divided by 70.
69
Calculate the remainder when 4042 is divided by 1341.
19
Calculate the remainder when 291 is divided by 145.
1
What is the remainder when 3106 is divided by 10?
6
What is the remainder when 136 is divided by 5?
1
Calculate the remainder when 129 is divided by 112.
17
Calculate the remainder when 304 is divided by 6.
4
Calculate the remainder when 169 is divided by 38.
17
Calculate the remainder when 2723 is divided by 903.
14
What is the remainder when 263 is divided by 11?
10
Calculate the remainder when 780 is divided by 84.
24
What is the remainder when 376 is divided by 132?
112
Calculate the remainder when 1238 is divided by 39.
29
Calculate the remainder when 15958 is divided by 105.
103
Calculate the remainder when 1305 is divided by 131.
126
Calculate the remainder when 2197 is divided by 44.
41
What is the remainder when 2241 is divided by 23?
10
What is the remainder when 103 is divided by 26?
25
What is the remainder when 1485 is divided by 12?
9
What is the remainder when 1007 is divided by 91?
6
Calculate the remainder when 100 is divided by 34.
32
What is the remainder when 479 is divided by 158?
5
Calculate the remainder when 119 is divided by 15.
14
What is the remainder when 2321 is divided by 43?
42
What is the remainder when 507 is divided by 73?
69
Calculate the remainder when 57 is divided by 16.
9
Calculate the remainder when 529 is divided by 14.
11
What is the remainder when 200 is divided by 199?
1
What is the remainder when 95 is divided by 52?
43
Calculate the remainder when 810 is divided by 110.
40
What is the remainder when 337 is divided by 147?
43
Calculate the remainder when 709 is divided by 51.
46
What is the remainder when 1738 is divided by 60?
58
Calculate the remainder when 5315 is divided by 40.
35
What is the remainder when 22006 is divided by 14?
12
Calculate the remainder when 98 is divided by 14.
0
What is the remainder when 2120 is divided by 12?
8
What is the remainder when 197 is divided by 16?
5
What is the remainder when 2290 is divided by 44?
2
Calculate the remainder when 18330 is divided by 63.
60
Calculate the remainder when 2036 is divided by 21.
20
What is the remainder when 1298 is divided by 42?
38
Calculate the remainder when 1841 is divided by 187.
158
Calculate the remainder when 8968 is divided by 14.
8
What is the remainder when 693 is divided by 41?
37
What is the remainder when 328 is divided by 86?
70
Calculate the remainder when 490 is divided by 99.
94
Calculate the remainder when 7139 is divided by 68.
67
Calculate the remainder when 107 is divided by 88.
19
What is the remainder when 1858 is divided by 41?
13
What is the remainder when 3180 is divided by 43?
41
Calculate the remainder when 447 is divided by 45.
42
Calculate the remainder when 744 is divided by 27.
15
What is the remainder when 76 is divided by 15?
1
What is the remainder when 865 is divided by 31?
28
What is the remainder when 634 is divided by 4?
2
Calculate the remainder when 430 is divided by 9.
7
What is the remainder when 44 is divided by 18?
8
What is the remainder when 162 is divided by 86?
76
What is the remainder when 94 is divided by 26?
16
What is the remainder when 147 is divided by 52?
43
Calculate the remainder when 2804 is divided by 61.
59
Calculate the remainder when 417 is divided by 142.
133
What is the remainder when 1562 is divided by 163?
95
What is the remainder when 285 is divided by 137?
11
Calculate the remainder when 844 is divided by 18.
16
Calculate the remainder when 290 is divided by 14.
10
What is the remainder when 90 is divided by 30?
0
Calculate the remainder when 461 is divided by 42.
41
What is the remainder when 664 is divided by 223?
218
What is the remainder when 53 is divided by 33?
20
What is the remainder when 225 is divided by 108?
9
What is the remainder when 653 is divided by 47?
42
What is the remainder when 75 is divided by 2?
1
Calculate the remainder when 132 is divided by 37.
21
Calculate the remainder when 231 is divided by 76.
3
What is the remainder when 28174 is divided by 25?
24
What is the remainder when 908 is divided by 131?
122
What is the remainder when 2704 is divided by 33?
31
Calculate the remainder when 76 is divided by 23.
7
What is the remainder when 263 is divided by 24?
23
Calculate the remainder when 51 is divided by 6.
3
Calculate the remainder when 147 is divided by 5.
2
What is the remainder when 4041 is divided by 213?
207
Calculate the remainder when 1523 is divided by 25.
23
What is the remainder when 528 is divided by 21?
3
Calculate the remainder when 79 is divided by 12.
7
Calculate the remainder when 217 is divided by 13.
9
What is the remainder when 118 is divided by 34?
16
What is the remainder when 346 is divided by 44?
38
What is the remainder when 394 is divided by 120?
34
What is the remainder when 95 is divided by 88?
7
What is the remainder when 416 is divided by 25?
16
Calculate the remainder when 42 is divided by 27.
15
Calculate the remainder when 962 is divided by 319.
5
Calculate the remainder when 3197 is divided by 123.
122
What is the remainder when 248 is divided by 21?
17
Calculate the remainder when 93 is divided by 8.
5
Calculate the remainder when 379 is divided by 180.
19
Calculate the remainder when 2054 is divided by 4.
2
Calculate the remainder when 